se 2) to base 14
-274
What is 7329 (base 11) in base 10?
9711
What is 13350 (base 6) in base 3?
2212010
204211 (base 5) to base 12
3b32
-7299 (base 14) to base 9
-30057
-1e (base 15) to base 3
-1002
-192 (base 16) to base 4
-12102
-77a (base 13) to base 2
-10100000100
What is 110101010010 (base 2) in base 12?
1b82
What is -74306 (base 8) in base 14?
-b3a6
3a74 (base 11) to base 5
132114
-190 (base 13) to base 4
-10132
What is -132322 (base 5) in base 6?
-40413
-16a1 (base 13) to base 15
-ecc
-c47 (base 16) to base 12
-199b
Convert -100010100 (base 2) to base 12.
-1b0
What is -208 (base 11) in base 5?
-2000
Convert 3232 (base 6) to base 9.
1012
What is -2461 (base 8) in base 13?
-7b3
Convert -35bd (base 15) to base 2.
-10110010100100
What is 1322102 (base 4) in base 12?
4642
Convert 2995 (base 12) to base 15.
1695
Convert 31 (base 8) to base 4.
121
4633 (base 8) to base 13
1172
-10011001 (base 4) to base 11
-11607
What is 2416 (base 7) in base 10?
895
-158 (base 11) to base 13
-112
Convert -410 (base 11) to base 3.
-200100
3c6e (base 16) to base 3
210012222
5b51 (base 13) to base 4
3021232
What is 20213 (base 4) in base 7?
1415
What is -815 (base 10) in base 15?
-395
Convert -252503 (base 6) to base 16.
-5877
What is -123304 (base 5) in base 10?
-4829
Convert 2333020 (base 4) to base 16.
2fc8
Convert 127703 (base 8) to base 10.
44995
30244 (base 5) to base 6
13005
Convert 1140 (base 6) to base 4.
10110
-22131 (base 4) to base 8
-1235
Convert -311123 (base 4) to base 5.
-102134
110011110001 (base 2) to base 9
4481
What is 4385 (base 15) in base 3?
201121122
Convert -3958 (base 15) to base 6.
-132345
-441 (base 5) to base 16
-79
-21022001 (base 3) to base 12
-30b4
What is d68 (base 14) in base 9?
3553
What is 111001010000110 (base 2) in base 12?
14b72
Convert 5640 (base 7) to base 3.
2210110
-242 (base 5) to base 4
-1020
Convert -52a5 (base 11) to base 12.
-4084
What is -3503 (base 9) in base 13?
-1248
What is -110110111 (base 2) in base 8?
-667
What is 308 (base 11) in base 15?
19b
Convert 97 (base 13) to base 10.
124
Convert -102 (base 3) to base 10.
-11
What is 54 (base 11) in base 4?
323
-e6 (base 16) to base 11
-19a
Convert 2122101 (base 3) to base 14.
9b9
Convert -10002101 (base 3) to base 11.
-1767
What is 142 (base 12) in base 5?
1234
What is 36553 (base 8) in base 12?
9123
Convert -1111001 (base 2) to base 9.
-144
102 (base 4) to base 15
13
Convert -40511 (base 6) to base 11.
-4043
-2033103 (base 5) to base 4
-20023320
What is 11011100101 (base 2) in base 7?
5101
What is -12002002 (base 3) in base 10?
-3701
What is -15523 (base 7) in base 4?
-1010122
Convert 285b (base 13) to base 16.
16be
Convert 6992 (base 13) to base 16.
39e6
Convert 1331 (base 4) to base 16.
7d
Convert -1e86 (base 15) to base 5.
-203101
-32305 (base 6) to base 2
-1000101010001
Convert 42005 (base 6) to base 7.
22250
-5059 (base 15) to base 5
-1020314
What is -22b (base 13) in base 5?
-3000
212112 (base 3) to base 6
2535
5b9 (base 15) to base 11
a81
20348 (base 9) to base 3
200101122
1102101100 (base 3) to base 13
c975
-17875 (base 13) to base 3
-2022021001
-f3 (base 16) to base 14
-135
Convert 1288 (base 13) to base 15.
bb7
133032 (base 4) to base 12
11a6
Convert -340121 (base 5) to base 14.
-44ab
What is -525 (base 7) in base 10?
-264
23638 (base 9) to base 15
4a55
What is 1101011101 (base 2) in base 12?
5b9
231322 (base 4) to base 13
1450
-2638 (base 9) to base 15
-8be
-6533 (base 10) to base 11
-49aa
What is -4345 (base 6) in base 12?
-6b5
Convert -56305 (base 7) to base 15.
-432a
What is -122 (base 14) in base 8?
-342
What is 11310 (base 5) in base 10?
830
What is 11443 (base 7) in base 16?
b9b
-58f (base 16) to base 10
-1423
Convert -5501 (base 8) to base 7.
-11254
b3 (base 12) to base 10
135
Convert 232312 (base 5) to base 12.
4a89
Convert 5730 (base 8) to base 15.
d72
What is -5ba3 (base 13) in base 5?
-403402
Convert -635 (base 7) to base 10.
-320
-6a9 (base 12) to base 14
-50d
27cc (base 14) to base 11
5320
Convert -133 (base 13) to base 9.
-254
Convert -851 (base 9) to base 14.
-378
What is 277 (base 13) in base 12?
304
What is -6200 (base 9) in base 8?
-10670
Convert -110001000 (base 2) to base 12.
-288
What is 320 (base 4) in base 13?
44
601 (base 10) to base 5
4401
Convert 11c9 (base 13) to base 2.
100111100011
Convert -112214 (base 5) to base 9.
-5510
Convert a3 (base 16) to base 6.
431
Convert -259 (base 13) to base 5.
-3122
-1808 (base 12) to base 4
-231020
-2381 (base 12) to base 16
-f91
Convert -1220202200 (base 3) to base 7.
-215010
What is -16db (base 16) in base 9?
-8021
101011010011 (base 2) to base 4
223103
What is 83338 (base 9) in base 2?
1101011010101001
-51ac (base 15) to base 6
-211530
What is -1303 (base 6) in base 14?
-195
What is 1340 (base 7) in base 5?
4033
340 (base 16) to base 7
2266
What is -11222 (base 3) in base 16?
-86
What is 3743 (base 8) in base 13?
bc4
-203 (base 7) to base 10
-101
What is -46140 (base 7) in base 5?
-333424
What is 13320222 (base 4) in base 10?
32298
Convert -12121131 (base 4) to base 2.
-110011001011101
What is 2141310 (base 5) in base 13?
13b54
What is 10001100011 (base 2) in base 6?
5111
-2304 (base 12) to base 8
-7464
Convert 456 (base 10) to base 2.
111001000
What is 1042 (base 5) in base 12?
103
Convert -bdbc (base 14) to base 11.
-22798
Convert 30e (base 16) to base 10.
782
11002 (base 5) to base 10
752
What is 63645 (base 7) in base 2?
11110110010010
What is 10110000001 (base 2) in base 8?
2601
What is -33041 (base 6) in base 7?
-16204
Convert 10110001 (base 2) to base 13.
108
What is 1001001101000 (base 2) in base 7?
16511
What is -1201222 (base 3) in base 15?
-598
Convert 4512 (base 7) to base 4.
121122
-21525 (base 6) to base 13
-14a2
-3566 (base 9) to base 16
-a5c
What is -511 (base 11) in base 10?
-617
Convert -104031 (base 5) to base 6.
-24505
Convert 21549 (base 11) to base 4.
13220213
1010011101100 (base 2) to base 14
1d48
Convert 20012201 (base 3) to base 2.
1000110110000
Convert -14453 (base 7) to base 2.
-111110100111
What is 234243 (base 7) in base 15?
c813
What is -283 (base 14) in base 16?
-1fb
What is -1eb8 (base 15) in base 14?
-2626
What is 2001a (base 12) in base 10?
41494
What is 18a (base 14) in base 4?
10332
What is 118b7 (base 13) in base 5?
2013020
What is -2100 (base 12) in base 6?
-24400
What is 5203 (base 7) in base 15?
811
What is -74e (base 15) in base 3?
-2021002
17774 (base 8) to base 7
32605
Convert 20b0 (base 12) to base 8.
7004
What is -353a (base 15) in base 5?
-330210
Convert 33035 (base 9) to base 8.
52616
431241 (base 6) to base 5
2112210
What is 62 (base 16) in base 3?
10122
1311340 (base 5) to base 3
1022110020
232011 (base 5) to base 4
2002331
9717 (base 12) to base 10
16579
What is -2ac1 (base 16) in base 12?
-6401
4215 (base 8) to base 13
cc5
1114 (base 16) to base 8
10424
-434 (base 8) to base 13
-18b
What is 8930 (base 13) in base 10?
19136
What is 1051 (base 6) in base 8?
367
1001111 (base 3) to base 10
769
What is 2036 (base 8) in base 10?
1054
-212221101 (base 3) to base 4
-10100230
What is 220 (base 6) in base 13?
66
-21132 (base 4) to base 2
-1001011110
-10344 (base 5) to base 14
-39a
Convert 155 (base 9) to base 6.
335
Convert -26454 (base 9) to base 5.
-1032434
23262 (base 7) to base 10
5973
What is -390 (base 11) in base 6?
-2050
-4500 (base 6) to base 4
-100110
Convert 49c1 (base 16) to base 13.
8795
-3120231 (base 5) to base 6
-1033324
-29ac (base 13) to base 9
-8270
Convert -1230 (base 6) to base 2.
-100110010
Convert 10302130 (base 4) to base 12.
b424
17a9 (base 12) to base 16
b31
Convert 109a9 (base 14) to base 5.
2242304
-4493 (base 11) to base 16
-1716
-216 (base 12) to base 11
-259
What is 11980 (base 14) in base 10?
43036
What is d1a (base 16) in base 5?
101404
What is 12122331 (base 4) in base 12?
13279
Convert -5337 (base 10) to base 4.
-1103121
-10100111101001 (base 2) to base 5
-320404
What is 690 (base 12) in base 7?
2556
What is 47484 (base 9) in base 3?
1121112211
What is -25a17 (base 11) in base 8?
-110455
-3001 (base 11) to base 9
-5427
Convert 258 (base 9) to base 15.
e5
Convert -a6b (base 15) to base 10.
-2351
Convert -5732 (base 9) to base 5.
-113431
Convert 231 (base 10) to base 6.
1023
5c3 (base 13) to base 2
1111101100
C